{"id":4291,"date":"2024-07-09T16:23:19","date_gmt":"2024-07-09T16:23:19","guid":{"rendered":"https:\/\/www.centralfishes.com.br\/varejo\/?post_type=product&#038;p=4291"},"modified":"2025-04-02T18:06:04","modified_gmt":"2025-04-02T15:06:04","slug":"corvina-fresca-900g","status":"publish","type":"product","link":"https:\/\/www.centralfishes.com.br\/varejo\/product\/corvina-fresca-900g\/","title":{"rendered":"Corvina fresca, bandeja com 900 gramas"},"content":{"rendered":"<p><strong>Produto:<\/strong> Bandeja de posta de corvina fresca.<br \/>\n<strong>Processamento:<\/strong> Posta com osso.<br \/>\n<strong>Peso l\u00edquido:<\/strong> 900 gramas.<br \/>\n<strong>Peso bruto:<\/strong> 1100 gramas.<br \/>\n<strong>Porcionamento:<\/strong> 9 (quatro) por\u00e7\u00f5es.<br \/>\n<strong>Esp\u00e9cie\/Nome cient\u00edfico:<\/strong> Larimichthys.<br \/>\n<strong>Proced\u00eancia:<\/strong> Navegantes, Santa Catarina.<br \/>\n<strong>Nota gastron\u00f4mica:<\/strong> O peixe corvina \u00e9 conhecido por sua carne macia e sabor delicado, oferecendo um delicioso equil\u00edbrio entre do\u00e7ura e notas saborosas. A corvina \u00e9 rica em prote\u00ednas e pobre em carboidratos. Ela cont\u00e9m quantidades significativas de vitaminas B6 e B12 e \u00e1cidos graxos \u00f4mega-3 e \u00f4mega-6, que podem trazer benef\u00edcios \u00e0 sa\u00fade.<br \/>\n<strong>Video sugerido (receita):<\/strong><br \/>\n<a href=\"https:\/\/www.youtube.com\/watch?v=YzPoFP6TEFY\" target=\"_blank\" rel=\"noopener noreferrer\">A melhor moqueca de Corvina que j\u00e1 comi<\/a><\/p>\n","protected":false},"excerpt":{"rendered":"<p>Posta de corvina fresca &#8211; com osso, em bandeja com 900 gramas.<\/p>\n","protected":false},"featured_media":4609,"comment_status":"open","ping_status":"closed","template":"","meta":{"om_disable_all_campaigns":false,"inline_featured_image":false,"_monsterinsights_skip_tracking":false,"_monsterinsights_sitenote_active":false,"_monsterinsights_sitenote_note":"","_monsterinsights_sitenote_category":0,"_uf_show_specific_survey":0,"_uf_disable_surveys":false},"product_brand":[],"product_cat":[91,44],"product_tag":[],"class_list":{"0":"post-4291","1":"product","2":"type-product","3":"status-publish","4":"has-post-thumbnail","6":"product_cat-corvina","7":"product_cat-peixes-frescos","9":"first","10":"instock","11":"sale","12":"shipping-taxable","13":"purchasable","14":"product-type-simple"},"aioseo_notices":[],"jetpack_sharing_enabled":true,"_links":{"self":[{"href":"https:\/\/www.centralfishes.com.br\/varejo\/wp-json\/wp\/v2\/product\/4291","targetHints":{"allow":["GET"]}}],"collection":[{"href":"https:\/\/www.centralfishes.com.br\/varejo\/wp-json\/wp\/v2\/product"}],"about":[{"href":"https:\/\/www.centralfishes.com.br\/varejo\/wp-json\/wp\/v2\/types\/product"}],"replies":[{"embeddable":true,"href":"https:\/\/www.centralfishes.com.br\/varejo\/wp-json\/wp\/v2\/comments?post=4291"}],"wp:featuredmedia":[{"embeddable":true,"href":"https:\/\/www.centralfishes.com.br\/varejo\/wp-json\/wp\/v2\/media\/4609"}],"wp:attachment":[{"href":"https:\/\/www.centralfishes.com.br\/varejo\/wp-json\/wp\/v2\/media?parent=4291"}],"wp:term":[{"taxonomy":"product_brand","embeddable":true,"href":"https:\/\/www.centralfishes.com.br\/varejo\/wp-json\/wp\/v2\/product_brand?post=4291"},{"taxonomy":"product_cat","embeddable":true,"href":"https:\/\/www.centralfishes.com.br\/varejo\/wp-json\/wp\/v2\/product_cat?post=4291"},{"taxonomy":"product_tag","embeddable":true,"href":"https:\/\/www.centralfishes.com.br\/varejo\/wp-json\/wp\/v2\/product_tag?post=4291"}],"curies":[{"name":"wp","href":"https:\/\/api.w.org\/{rel}","templated":true}]}}