{"id":4428,"date":"2024-09-11T13:07:09","date_gmt":"2024-09-11T13:07:09","guid":{"rendered":"https:\/\/www.centralfishes.com.br\/varejo\/?post_type=product&#038;p=4428"},"modified":"2026-01-19T03:27:49","modified_gmt":"2026-01-19T00:27:49","slug":"ovasourico-fresco-400g","status":"publish","type":"product","link":"https:\/\/www.centralfishes.com.br\/varejo\/product\/ovasourico-fresco-400g\/","title":{"rendered":"Ovas de ouri\u00e7o (Uni), fresco, bandeja com 400 gramas"},"content":{"rendered":"<p><strong>Produto:<\/strong> Bandeja de Ovas de Ouri\u00e7o (Uni) fresco.<br \/>\n<strong>Processamento:<\/strong> Limpo.<br \/>\n<strong>Peso l\u00edquido:<\/strong> 400 gramas.<br \/>\n<strong>Peso bruto:<\/strong> 600 gramas.<br \/>\n<strong>Proced\u00eancia:<\/strong> S\u00e3o Paulo e Santa Catarina<\/p>\n<p><strong>Nota gastron\u00f4mica:<\/strong>O sabor das ovas de ouri\u00e7o-do-mar \u00e9 t\u00e3o fr\u00e1gil que \u00e9 dif\u00edcil descrever. Como o caviar, os sabores do ouri\u00e7o-do-mar se desenrolam na boca com uma delicada mistura de do\u00e7ura e salmoura, cremosidade, com um suntuoso sabor umami. Em suma, delicado e rico, uma mistura \u00fanica de sabor doce e salgado.<\/p>\n<p><strong>Video sugerido (Informativo):<\/strong><\/p>\n<p><a href=\"https:\/\/www.youtube.com\/watch?v=V-sTcK9N7jA\" target=\"_blank\" rel=\"noopener noreferrer\">Porque as ovas de ouri\u00e7o s\u00e3o t\u00e3o caros<\/a><\/p>\n","protected":false},"excerpt":{"rendered":"<p>Ovas de ouri\u00e7o (Uni), fresco, em bandeja de 400 gramas.<\/p>\n","protected":false},"featured_media":4578,"comment_status":"open","ping_status":"closed","template":"","meta":{"om_disable_all_campaigns":false,"inline_featured_image":false,"_monsterinsights_skip_tracking":false,"_monsterinsights_sitenote_active":false,"_monsterinsights_sitenote_note":"","_monsterinsights_sitenote_category":0,"_uf_show_specific_survey":0,"_uf_disable_surveys":false},"product_brand":[],"product_cat":[58,122],"product_tag":[],"class_list":{"0":"post-4428","1":"product","2":"type-product","3":"status-publish","4":"has-post-thumbnail","6":"product_cat-frutos-do-mar-frescos","7":"product_cat-ovas-ourico-uni","9":"first","10":"instock","11":"sale","12":"shipping-taxable","13":"purchasable","14":"product-type-simple"},"aioseo_notices":[],"jetpack_sharing_enabled":true,"_links":{"self":[{"href":"https:\/\/www.centralfishes.com.br\/varejo\/wp-json\/wp\/v2\/product\/4428","targetHints":{"allow":["GET"]}}],"collection":[{"href":"https:\/\/www.centralfishes.com.br\/varejo\/wp-json\/wp\/v2\/product"}],"about":[{"href":"https:\/\/www.centralfishes.com.br\/varejo\/wp-json\/wp\/v2\/types\/product"}],"replies":[{"embeddable":true,"href":"https:\/\/www.centralfishes.com.br\/varejo\/wp-json\/wp\/v2\/comments?post=4428"}],"wp:featuredmedia":[{"embeddable":true,"href":"https:\/\/www.centralfishes.com.br\/varejo\/wp-json\/wp\/v2\/media\/4578"}],"wp:attachment":[{"href":"https:\/\/www.centralfishes.com.br\/varejo\/wp-json\/wp\/v2\/media?parent=4428"}],"wp:term":[{"taxonomy":"product_brand","embeddable":true,"href":"https:\/\/www.centralfishes.com.br\/varejo\/wp-json\/wp\/v2\/product_brand?post=4428"},{"taxonomy":"product_cat","embeddable":true,"href":"https:\/\/www.centralfishes.com.br\/varejo\/wp-json\/wp\/v2\/product_cat?post=4428"},{"taxonomy":"product_tag","embeddable":true,"href":"https:\/\/www.centralfishes.com.br\/varejo\/wp-json\/wp\/v2\/product_tag?post=4428"}],"curies":[{"name":"wp","href":"https:\/\/api.w.org\/{rel}","templated":true}]}}